he remainder when 2147201 is divided by 15.
11
Calculate the remainder when 7044 is divided by 172.
164
What is the remainder when 706411 is divided by 222?
7
Calculate the remainder when 5676 is divided by 1744.
444
Calculate the remainder when 104602 is divided by 218.
180
Calculate the remainder when 127459 is divided by 7.
3
Calculate the remainder when 43083 is divided by 295.
13
Calculate the remainder when 2364 is divided by 170.
154
Calculate the remainder when 23293 is divided by 13.
10
Calculate the remainder when 22536 is divided by 2810.
56
Calculate the remainder when 8713 is divided by 2879.
76
What is the remainder when 8948 is divided by 141?
65
Calculate the remainder when 534416 is divided by 923.
922
What is the remainder when 2030 is divided by 329?
56
Calculate the remainder when 425817 is divided by 548.
21
Calculate the remainder when 265185 is divided by 24106.
19
Calculate the remainder when 4608 is divided by 797.
623
Calculate the remainder when 2328 is divided by 281.
80
Calculate the remainder when 11228 is divided by 76.
56
Calculate the remainder when 4735 is divided by 548.
351
What is the remainder when 38306 is divided by 38289?
17
What is the remainder when 7312 is divided by 73?
12
What is the remainder when 93288 is divided by 93112?
176
What is the remainder when 1466 is divided by 430?
176
Calculate the remainder when 356455 is divided by 34.
33
Calculate the remainder when 2806 is divided by 1231.
344
What is the remainder when 1814 is divided by 447?
26
Calculate the remainder when 108562 is divided by 408.
34
What is the remainder when 56770 is divided by 57?
55
Calculate the remainder when 345 is divided by 279.
66
Calculate the remainder when 6263 is divided by 2064.
71
Calculate the remainder when 10066 is divided by 59.
36
Calculate the remainder when 70766 is divided by 1769.
6
Calculate the remainder when 19159 is divided by 231.
217
Calculate the remainder when 16839 is divided by 1052.
7
What is the remainder when 1905 is divided by 97?
62
What is the remainder when 54906 is divided by 57?
15
Calculate the remainder when 6855 is divided by 156.
147
Calculate the remainder when 61514 is divided by 20491.
41
What is the remainder when 10681 is divided by 218?
217
What is the remainder when 10313 is divided by 2043?
98
What is the remainder when 50360 is divided by 799?
23
What is the remainder when 52875 is divided by 464?
443
Calculate the remainder when 28983 is divided by 2619.
174
Calculate the remainder when 2772 is divided by 48.
36
What is the remainder when 5099 is divided by 45?
14
What is the remainder when 9043 is divided by 78?
73
Calculate the remainder when 576145 is divided by 237.
235
Calculate the remainder when 1370 is divided by 285.
230
Calculate the remainder when 2501 is divided by 354.
23
What is the remainder when 529 is divided by 477?
52
What is the remainder when 54243 is divided by 158?
49
What is the remainder when 116599 is divided by 8307?
301
Calculate the remainder when 7463 is divided by 477.
308
What is the remainder when 582843 is divided by 527?
508
What is the remainder when 3343 is divided by 646?
113
Calculate the remainder when 327863 is divided by 4.
3
What is the remainder when 61694 is divided by 893?
77
Calculate the remainder when 2236 is divided by 440.
36
Calculate the remainder when 1482 is divided by 323.
190
What is the remainder when 692 is divided by 62?
10
Calculate the remainder when 48273 is divided by 12.
9
Calculate the remainder when 630259 is divided by 7503.
7
What is the remainder when 3815 is divided by 146?
19
Calculate the remainder when 10194 is divided by 101.
94
Calculate the remainder when 457406 is divided by 1185.
1181
What is the remainder when 491638 is divided by 255?
253
Calculate the remainder when 3225 is divided by 362.
329
What is the remainder when 335371 is divided by 55894?
7
Calculate the remainder when 133578 is divided by 961.
960
Calculate the remainder when 52467 is divided by 2014.
103
What is the remainder when 4277 is divided by 897?
689
What is the remainder when 21753 is divided by 98?
95
What is the remainder when 33324 is divided by 33260?
64
Calculate the remainder when 18569 is divided by 2650.
19
What is the remainder when 7221 is divided by 2270?
411
Calculate the remainder when 119692 is divided by 1140.
1132
What is the remainder when 4170 is divided by 2037?
96
What is the remainder when 18424 is divided by 333?
109
Calculate the remainder when 350156 is divided by 116717.
5
Calculate the remainder when 42597 is divided by 212.
197
Calculate the remainder when 3647 is divided by 239.
62
What is the remainder when 1191 is divided by 137?
95
Calculate the remainder when 11067 is divided by 35.
7
Calculate the remainder when 22802 is divided by 11388.
26
What is the remainder when 2129978 is divided by 143?
136
What is the remainder when 9675 is divided by 805?
15
What is the remainder when 906044 is divided by 72?
68
Calculate the remainder when 55696 is divided by 18557.
25
Calculate the remainder when 303104 is divided by 12629.
8
What is the remainder when 23758 is divided by 506?
482
What is the remainder when 643274 is divided by 30631?
23
What is the remainder when 1643782 is divided by 151?
147
Calculate the remainder when 32594 is divided by 23.
3
What is the remainder when 4872 is divided by 55?
32
Calculate the remainder when 586632 is divided by 195544.
0
What is the remainder when 22064 is divided by 22?
20
What is the remainder when 24741 is divided by 263?
19
Calculate the remainder when 59657 is divided by 20.
17
What is the remainder when 90863 is divided by 295?
3
Calculate the remainder when 1918885 is divided by 131.
128
Calculate the remainder when 17831 is divided by 286.
99
What is the remainder when 32651 is divided by 573?
563
What is the remainder when 8069 is divided by 6385?
1684
Calculate the remainder when 6223 is divided by 777.
7
Calculate the remainder when 781 is divided by 264.
253
Calculate the remainder when 2955 is divided by 2939.
16
What is the remainder when 189266 is divided by 633?
632
Calculate the remainder when 26956 is divided by 5389.
11
Calculate the remainder when 218906 is divided by 421.
407
What is the remainder when 6356 is divided by 227?
0
Calculate the remainder when 120365 is divided by 926.
911
What is the remainder when 3995 is divided by 84?
47
Calculate the remainder when 5499 is divided by 2514.
471
What is the remainder when 50636 is divided by 171?
20
What is the remainder when 1674 is divided by 411?
30
What is the remainder when 2406 is divided by 204?
162
What is the remainder when 74137 is divided by 45?
22
Calculate the remainder when 239 is divided by 130.
109
Calculate the remainder when 3180 is divided by 1055.
15
Calculate the remainder when 36065 is divided by 2254.
1
Calculate the remainder when 148971 is divided by 152.
11
Calculate the remainder when 3204 is divided by 132.
36
What is the remainder when 52523 is divided by 571?
562
Calculate the remainder when 5701 is divided by 180.
121
Calculate the remainder when 5892 is divided by 530.
62
Calculate the remainder when 72913 is divided by 100.
13
What is the remainder when 458 is divided by 448?
10
What is the remainder when 11273 is divided by 330?
53
Calculate the remainder when 944 is divided by 940.
4
What is the remainder when 89917 is divided by 20?
17
Calculate the remainder when 497964 is divided by 103.
62
What is the remainder when 6317 is divided by 699?
26
What is the remainder when 23420 is divided by 5855?
0
What is the remainder when 27563 is divided by 37?
35
What is the remainder when 758579 is divided by 63?
59
What is the remainder when 1100 is divided by 65?
60
Calculate the remainder when 28586 is divided by 27.
20
What is the remainder when 41837 is divided by 219?
8
Calculate the remainder when 917 is divided by 336.
245
Calculate the remainder when 44390 is divided by 14796.
2
Calculate the remainder when 555719 is divided by 1379.
1361
Calculate the remainder when 804926 is divided by 35.
31
What is the remainder when 13087 is divided by 4050?
937
Calculate the remainder when 91260 is divided by 15210.
0
What is the remainder when 80007 is di